te?
True
Is 4999913 composite?
False
Is 98621 a composite number?
False
Is 561215077 a prime number?
True
Is 23753609 a prime number?
False
Is 7357011 composite?
True
Is 5856689 a prime number?
True
Is 892051841 a prime number?
True
Is 7642885 composite?
True
Is 781343 prime?
False
Is 99793597 prime?
False
Is 43273939 composite?
False
Is 1550947 composite?
False
Is 757247 composite?
False
Is 46681799 composite?
False
Is 34393 composite?
True
Is 1409021 a composite number?
True
Is 2036791 composite?
False
Is 1713013 composite?
True
Is 254524613 a composite number?
True
Is 201389 composite?
False
Is 16377041 a composite number?
False
Is 905897303 a prime number?
True
Is 4636829 prime?
True
Is 212506271 a prime number?
False
Is 137647183 a composite number?
False
Is 172969537 a composite number?
True
Is 46801907 composite?
True
Is 317040817 a prime number?
False
Is 6785417 a composite number?
False
Is 14866133 a prime number?
True
Is 212969 prime?
True
Is 54020539 composite?
False
Is 5898517 prime?
False
Is 2277305 composite?
True
Is 5020433 composite?
True
Is 39238087 a composite number?
True
Is 4457093 a composite number?
False
Is 7254737 composite?
True
Is 76817489 prime?
False
Is 2218295 a composite number?
True
Is 5125339 composite?
True
Is 14958427 a prime number?
False
Is 371399797 composite?
True
Is 30688289 composite?
False
Is 63368659 prime?
True
Is 12653699 a composite number?
False
Is 11944793 prime?
False
Is 231228661 prime?
False
Is 74379931 a prime number?
False
Is 1543537 a composite number?
False
Is 1005269 composite?
False
Is 24051611 prime?
False
Is 12939559 composite?
True
Is 155794011 composite?
True
Is 62062501 a prime number?
False
Is 881231311 a prime number?
True
Is 9678806 a prime number?
False
Is 18606013 composite?
False
Is 142178237 a prime number?
True
Is 3818251 prime?
False
Is 7688287 composite?
True
Is 1599727 composite?
True
Is 49363493 a composite number?
True
Is 2009525381 a prime number?
True
Is 9828839 composite?
True
Is 89544887 a prime number?
True
Is 3275357 composite?
False
Is 6531065 composite?
True
Is 404794201 a composite number?
True
Is 317846 a prime number?
False
Is 31657961 composite?
True
Is 19773239 a prime number?
True
Is 1117717 composite?
True
Is 350184049 a composite number?
False
Is 231097957 a prime number?
False
Is 100684231 a composite number?
False
Is 9994913 a prime number?
True
Is 88419677 prime?
False
Is 11575217 a composite number?
False
Is 12333179 composite?
False
Is 142507327 a prime number?
True
Is 3176779 a prime number?
True
Is 299834057 composite?
False
Is 248497061 composite?
False
Is 9803077 composite?
False
Is 240902861 composite?
True
Is 556649 composite?
True
Is 68443366 prime?
False
Is 509164531 a prime number?
True
Is 1423231 a prime number?
True
Is 2195821 a composite number?
True
Is 781321 a composite number?
False
Is 493396885 composite?
True
Is 4129751 prime?
True
Is 5270779 composite?
True
Is 5591653 a prime number?
True
Is 816689 composite?
False
Is 14463641 prime?
True
Is 66608051 a prime number?
False
Is 5558873 a prime number?
False
Is 2928817 a composite number?
False
Is 281942039 a prime number?
False
Is 36373193 a composite number?
False
Is 7023721 composite?
False
Is 174167333 a prime number?
False
Is 104589191 composite?
True
Is 260868793 prime?
False
Is 21758465 a prime number?
False
Is 8037863 a composite number?
True
Is 2936639 a prime number?
True
Is 1604791 a composite number?
True
Is 236377 prime?
True
Is 609073121 composite?
True
Is 112430743 composite?
False
Is 185347291 composite?
False
Is 16188313 a composite number?
False
Is 607353301 a prime number?
True
Is 93270707 a composite number?
False
Is 5582345 composite?
True
Is 786859 prime?
True
Is 5354341 a composite number?
False
Is 45377993 a prime number?
True
Is 3538343 prime?
False
Is 5312451 a prime number?
False
Is 11998501 a prime number?
True
Is 6587993 composite?
True
Is 6084571 prime?
True
Is 23945893 a prime number?
True
Is 2152153 a prime number?
True
Is 275956273 a prime number?
True
Is 5478773 a prime number?
True
Is 13624381 a composite number?
True
Is 38191649 a prime number?
False
Is 8316289 prime?
True
Is 12934567 a prime number?
False
Is 8275517 prime?
False
Is 5795123 composite?
False
Is 10586941 a prime number?
True
Is 4425563 prime?
False
Is 30370999 composite?
True
Is 37465583 a composite number?
True
Is 63629387 prime?
True
Is 766329 composite?
True
Is 132226097 a composite number?
False
Is 2099287 composite?
False
Is 11182793 prime?
True
Is 364791521 composite?
False
Is 12105193 a prime number?
True
Is 208328943 a composite number?
True
Is 10527893 a composite number?
True
Is 779927611 prime?
True
Is 15884773 a prime number?
False
Is 60196735 prime?
False
Is 23060591 a prime number?
True
Is 12795879 prime?
False
Is 24701917 prime?
True
Is 172417307 prime?
False
Is 34389931 composite?
False
Is 52104889 composite?
False
Is 8681641 composite?
True
Is 32776181 composite?
False
Is 19260919 composite?
False
Is 41852951 prime?
False
Is 14848921 prime?
True
Is 7242943 a composite number?
False
Is 5535083 a composite number?
True
Is 4638349 composite?
True
Is 1388263 a prime number?
False
Is 3206537 a composite number?
False
Is 32199337 a prime number?
True
Is 9276353 a prime number?
True
Is 727124717 prime?
False
Is 2949461 a composite number?
False
Is 74802461 composite?
False
Is 43905529 a composite number?
True
Is 7940297 composite?
True
Is 320641 prime?
False
Is 23278727 a prime number?
True
Is 5816579 prime?
False
Is 221551891 a prime number?
False
Is 75071449 prime?
True
Is 34697539 prime?
False
Is 1448303 composite?
False
Is 838133 a prime number?
True
Is 415999667 a composite number?
True
Is 64096301 a prime number?
True
Is 1604509 composite?
False
Is 64867 a composite number?
True
Is 2158049 prime?
False
Is 128644111 a composite number?
False
Is 14837755 a prime number?
False
Is 490098811 composite?
True
Is 141126899 a composite number?
False
Is 2462821 a prime number?
False
Is 11042029 a prime number?
True
Is 1107571 prime?
True
Is 120618919 prime?
True
Is 10091683 prime?
False
Is 521601833 a composite number?
False
Is 55307887 composite?
False
Is 514673741 a prime number?
True
Is 5321467 a composite number?
False
Is 3363879 composite?
True
Is 9590851 a prime number?
False
Is 5232829 composite?
True
Is 141433027 composite?
True
Is 63059 a prime number?
True
Is 13982293 a prime number?
False
Is 343649318 a prime number?
False
Is 7330241 composite?
False
Is 169872193 composite?
False
Is 156767867 a prime number?
False
Is 191802973 composite?
False
Is 1069291 a composite number?
False
Is 65621363 composite?
False
Is 115355551 a composite number?
False
Is 90374599 a composite number?
True
Is 115610707 a prime number?
False
Is 1993597 a prime number?
False
Is 14653753 a prime number?
True
Is 182671057 composite?
False
Is 10068523 composite?
False
Is 13023397 composite?
True
Is 29264093 prime?
False
Is 1847913 a composite number?
True
Is 27579329 prime?
True
Is 12801533 composite?
False
Is 1898411 a composite number?
True
Is 9981271 a composite number?
False
Is 71977709 prime?
True
Is 478377391 prime?
False
Is 6601061 a composite number?
False
Is 1119497 a composite number?
True
Is 8057123 a prime number?
True
Is 147266313 a prime number?
False
Is 2854543 a prime number?
False
Is 610157 composite?
False
Is 5178487 a prime number?
True
Is 192059833 a composite number?
True
Is 342470617 composite?
False
Is 1302149 a composite number?
True
Is 413069 prime?
True
Is 987493949 a composite number?
True
Is 357079 prime?
True
Is 167636699 composite?
False
Is 5786465 a composite number?
True
Is 92331251 a composite number?
False
Is 1363731 a composite number?
True
Is 887069 a prime number?
True
Is 10453867 a composite number?
False
Is 13667627 prime?
True
Is 178726 prime?
False
Is 12237119 a composite number?
True
Is 36757207 a prime number?
True
Is 3406303 prime?
True
Is 121372369 a composite number?
False
Is 4717821 a composite number?
True
Is 533950447 prime?
True
Is 20225827 prime?
False
Is 477378123 prime?
False
Is 483731 composite?
True
Is 126634799 prime?
True
Is 5453309 prime?
True
Is 10674065 a prime number?
False
Is 1911709 prime?
False
Is 180931677 a composite number?
Tru